256 = q*p. Calculate the remainder when p is divided by 43.
38
Suppose -3*s = -0*f - 3*f + 1113, 5*f + 2*s = 1834. Suppose 0 = -7*k + f + 234. Calculate the remainder when k is divided by 29.
28
Let a(z) = 17*z**3 - z + 1. Let x be a(1). Let j = x + -8. What is the remainder when 605/j + 6/(-27) is divided by 17?
16
Suppose 5*i - 11 - 19 = 0. Suppose 165 - 925 = 95*j. What is the remainder when i/j*(-52 + 0) is divided by 10?
9
Suppose -2*d + 15 = -0*d + 3*a, 11 = d + 5*a. Let o = 10 - d. Calculate the remainder when 11*(1 + 3 - 3) is divided by o.
3
Let d = -181 - -193. Let c(r) = r**2 + 4*r - 4. Calculate the remainder when d is divided by c(-6).
4
Let z = -34 - -33. What is the remainder when z - -185 - 2/4*2 is divided by 46?
45
Suppose -j = -4*j + 63. Suppose -j = -3*f - 138. Let z = f - -56. What is the remainder when 49 is divided by z?
15
Let g(r) = 47*r**2 + 2*r - 3. Let n be g(1). Suppose 5*o + 2*q = 25, -5*q = 3*o - 6*o + n. Calculate the remainder when 27 is divided by o.
6
What is the remainder when 265 is divided by (-18)/12*(-268)/6?
64
Let j(i) = i**2 - i + 10. Let w be j(0). Let n be (-126)/w*(11 + -16). Suppose -n = -2*y - 9. Calculate the remainder when y is divided by 14.
13
Let n(r) = 32*r + 664. What is the remainder when 333 is divided by n(-19)?
53
Let x be 3*4/(-6)*2/(-1). Suppose 4*n - 5*b = -b + 192, 0 = -2*n + x*b + 92. What is the remainder when n is divided by 14?
8
Let p(n) = -43*n - 19. Calculate the remainder when 434 is divided by p(-3).
104
Let m(x) = 37*x**2 - 2*x + 5. Let b(g) = -12*g**2 + g - 2. Let q(k) = -7*b(k) - 2*m(k). Calculate the remainder when q(-3) is divided by 35.
33
Let w = 34 + -15. Suppose 0 = 3*m + n - 788, 0*n + 266 = m - 3*n. Suppose r + r + 5*p = 125, -4*p - m = -5*r. What is the remainder when r is divided by w?
17
Let h = 181 - 153. What is the remainder when 166 is divided by h?
26
Let k(a) = -a**2 - 22*a - 98. What is the remainder when 17 is divided by k(-8)?
3
Let z = 34 + 8. Let g = -20 + z. Calculate the remainder when g is divided by 9.
4
Let a = 29 + -26. Suppose 0 = -2*b + 4, -a*f + 207 + 14 = 4*b. Calculate the remainder when f is divided by 16.
7
Let n(y) = 17*y + 1. Let g(w) = w + 1. Let t(q) = -6*g(q) + n(q). What is the remainder when t(2) is divided by 4?
1
Suppose 24*g - 2164 - 1820 = 0. Calculate the remainder when g is divided by ((-2)/(-4))/((-3)/(-84)).
12
Let q(b) = b**3 - 3*b**2 + 2*b - 5. Suppose 155*g - 8677 = 2328. Calculate the remainder when g is divided by q(4).
14
Let c = -4 - -64. Suppose 5*w = -0*w + c. Calculate the remainder when 58 is divided by w.
10
Let a be 2 + (-3)/1*-1. Suppose -v = -a*l - 3 + 15, 0 = 5*v + 3*l + 172. Let j = v - -48. What is the remainder when 47 is divided by j?
15
Suppose 0 = -3*l - 3*s, 2*l + 0*l = 4*s - 12. Let z(a) = -2*a**3 - a - 6. What is the remainder when 34 is divided by z(l)?
10
Let a = 8 + -2. Let d(v) = 48*v**2 - 383*v - 3. Calculate the remainder when (-34)/a*(0 + -3) is divided by d(8).
2
Let h(l) = 62*l**3 - l**2 + 4*l - 2. Let v be h(1). Suppose -16*d + v = -13*d. Let w = -22 + 105. What is the remainder when w is divided by d?
20
Let r(j) = 62*j - 147. Calculate the remainder when r(3) is divided by 8.
7
What is the remainder when 292 is divided by ((-9)/(-12))/(9/168)?
12
Suppose -46 = -5*o + 3*h, h + 52 = 6*o - o. What is the remainder when 20 + 0*1/2 is divided by o?
9
Suppose -5*z + 3*u + 113 = 2*u, -3*u - 97 = -4*z. What is the remainder when 52 is divided by z?
8
Let i(w) = -w**2 - 8*w + 3. Let y(u) = -u - 12. Let q be y(-7). What is the remainder when 69 is divided by i(q)?
15
Suppose -c = -2*c + l + 4, -3*c - 4*l = 16. Let o = 14 - -2. Let z = c + o. What is the remainder when 31 is divided by z?
15
Let g = -149 + 160. Let f(j) = j**2 - 4. What is the remainder when f(6) is divided by g?
10
Suppose -27 = -2*i + 39. Let v(l) = l**3 + 4*l**2 - 3*l + 9. Let k be v(-4). Let b(y) = -y**2 + 21*y + 17. What is the remainder when i is divided by b(k)?
16
Let z = -530 - -1075. Calculate the remainder when z is divided by 50.
45
Suppose 4*b + 1 = 1. Suppose 11*d - 3*d - 8 = b. What is the remainder when 4 is divided by d?
0
What is the remainder when 475 is divided by (1392/(-30))/(((-36)/(-15))/(-12))?
11
Let q(t) be the first derivative of 11*t**3/3 + t**2 + 8*t - 11. Let i(b) = 27*b**2 - 1. What is the remainder when q(-3) is divided by i(-1)?
23
Let k(n) = -28*n**3 - 8*n**2 - 8*n - 1. Calculate the remainder when 184 is divided by k(-1).
22
Suppose 17894*y - 243 = 17885*y. Suppose -c + 152 = 2*h, 20 = 5*h - 2*c - 360. Calculate the remainder when h is divided by y.
22
Calculate the remainder when 52 is divided by ((-5)/(-2))/(105/1008) - -6.
22
Let u(i) = i**2 + i - 1. Suppose -5*h - 13 = 2. Let j be u(h). Suppose -j*f - 48 = -k - 10*f, 3*f - 120 = -3*k. Calculate the remainder when k is divided by 8.
6
What is the remainder when 90 is divided by (-9 - -10)/((-1)/(-23))?
21
Suppose 4*x = 3*p - 472, 5*p + x = 4*x + 805. Suppose -60 = 4*n - p. What is the remainder when n is divided by 14?
12
Calculate the remainder when 1142 is divided by (65/20 + -3 + -3)*-4.
9
Let z be (3 - (-11 - -5))*(-1)/(-3). Let v = z - -57. What is the remainder when v is divided by -1 - -1*(0 + 32)?
29
Let g(t) = -t**3 - t**2 + 2*t - 5. Let y be g(-5). Suppose -l = -6*l + y. What is the remainder when 65 is divided by l?
14
Suppose 2*j - 122 = -n, 0*j - 2*j = 4*n - 134. Let x be 50/175 + (-1 - (-481)/7). Suppose x = 9*u - 67. Calculate the remainder when j is divided by u.
14
What is the remainder when 502 is divided by (32 - 46)/(-1*(-1)/(-2))?
26
Suppose -3*j + 4*s + 799 + 756 = 0, -2*j + 1031 = 3*s. What is the remainder when j is divided by 37?
36
Suppose -4*x + 87 - 14 = -3*m, 44 = 2*x - 4*m. Let c = 1190 - 1145. Calculate the remainder when c is divided by x.
13
Let u = 36 - 34. Let b = u - -76. Suppose 4*t - 80 = -5*m, -5*m - 10 + 30 = t. Calculate the remainder when b is divided by t.
18
Let r(p) = -p**3 - 27*p**2 - 29*p - 52. Calculate the remainder when r(-26) is divided by 18.
8
Let f(j) = 7*j**2 - 6*j + 6. Calculate the remainder when f(-4) is divided by 29.
26
Suppose 11 = -6*g + 71. Calculate the remainder when 42 is divided by g.
2
Let y(d) = 10*d**2 - 3*d + 25. Calculate the remainder when y(-8) is divided by 30.
29
Let a = 51 - 32. What is the remainder when 51 is divided by a?
13
Let d(g) = -18*g + 7. Let v be d(-5). Let t = v + -78. Calculate the remainder when 32 is divided by t.
13
Suppose 0 = -5*m + q + 370, -13*m + 18*m + q = 360. Let f(d) = d**2 + d + 7. What is the remainder when m is divided by f(-6)?
36
Suppose 0 = -2*l + l + 4*a + 11, -l + 16 = a. What is the remainder when 27 is divided by l?
12
Let f(n) = -n**2 + 8*n - 3. Suppose 0 = 4*s + 467 - 871. What is the remainder when s is divided by f(4)?
10
Let x(g) = -2*g + 19. Let z be (-14)/(-63) - (-914)/18. Let h = 125 - z. What is the remainder when h is divided by x(0)?
17
Let s(c) = -c**3 + 10*c**2 + 12*c - 2. Let r be 2*(-2 + (-60)/(-8)). What is the remainder when -65*((-68)/20 + 3) is divided by s(r)?
8
Let x be 20/(-4)*(-9)/15. Suppose -x*q + 4 = -2*q. Calculate the remainder when q*(42/(-8))/(-7) is divided by 3.
0
Suppose 5*p = -5*i + 300, -p - 4*p + i = -312. What is the remainder when 305 is divided by p?
57
Suppose 3*i - 2*q = -i + 26, -5*i - 5*q = -10. Suppose -i*f = -2*f - 42. Calculate the remainder when 6/(-8) - 159/(-4) is divided by f.
11
Let s(j) = -j**3 - 3*j**2 - 4*j - 3. Let a(z) = 3*z - 1. Let n be a(1). Suppose n*g + 0 = 50. What is the remainder when g is divided by s(-3)?
7
What is the remainder when 32 is divided by -8*-6*(-2)/(-8)?
8
Suppose 2*b - 3*b + 11 = 0. Suppose -93*a - 160 = -98*a. Calculate the remainder when a is divided by b.
10
What is the remainder when (3 + -4)/(480/483 + -1) is divided by 34?
25
Let d(a) = -49*a - 4. Suppose -54 = 4*v + 6. Let b = -17 - v. What is the remainder when d(b) is divided by 24?
22
Let t = 387 + -196. Suppose 0 = -5*s - 1 + t. Suppose 3*d = 0, 5*d - 7*d = -3*j + 30. Calculate the remainder when s is divided by j.
8
Suppose 4*h + h - 320 = 0. Let w(x) = -6*x - 4. What is the remainder when w(-3) is divided by 1/(-4) + 336/h?
4
Let w(j) = -j - 3. Let m be w(12). Let q = 20 + m. Suppos